4*z + 5*c + 5044, 0 = -3*z - 5*c + 1052 + 2696. What are the prime factors of z*(9 - (-198)/(-24))?
2, 3, 157
What are the prime factors of (348/(-8) - -1)*(-16 + -22)?
5, 17, 19
Let h(g) = -g**2 + 1. Let l be h(0). Let d(u) be the third derivative of 23*u**4/24 - u**3/6 + 175*u**2. List the prime factors of d(l).
2, 11
Let x(h) = -28 - 3*h**2 + 13 - 9*h + 4*h**2 + 7. Suppose -2*n = -3*f - 5*n + 45, -2*f + 32 = 3*n. What are the prime factors of x(f)?
2, 11
Let m(k) = 6*k**3 - 4*k**2 + 13*k + 2. Let w be m(4). List the prime factors of (w/(-55))/((-2)/10).
2, 17
Let d = 325 + -320. Suppose d*o + 4*t - t - 2230 = 0, 4*t + 20 = 0. List the prime factors of o.
449
Let d = 79712 - 36687. What are the prime factors of d?
5, 1721
Suppose 2*u - 2*s = 22358, 2*u - 5*s = 7*u - 55895. What are the prime factors of u?
7, 1597
Let s = -30516 - -54107. List the prime factors of s.
31, 761
Suppose 263*p - 268*p - 10484 = -s, 5*s - 52616 = -3*p. List the prime factors of s.
67, 157
Suppose 0 = 3*s - 4*j + 1, 0*s + s + 7 = 3*j. Suppose s*w = -710 + 2865. What are the prime factors of w?
431
Let s(i) = -i**2 + 9*i + 12. Let l be s(12). What are the prime factors of 242 - (-2 - l/6)?
2, 3, 5
Let m = -52 + 79. Let z = 24 - m. What are the prime factors of 4/z*3 - -96?
2, 23
Suppose 4*i + m = -3371, 29*m = -i + 27*m - 848. Let v = 194 - i. List the prime factors of v.
2, 7, 37
List the prime factors of (-21)/3*(-5 - 1607).
2, 7, 13, 31
Let v(x) = x**3 + 20*x**2 - 22*x - 19. Let q be v(-21). Suppose 572 = 2*n - q*t, -343 - 222 = -2*n - 5*t. What are the prime factors of n?
3, 5, 19
Suppose 211708 = 219*v - 191*v. What are the prime factors of v?
7561
Let v(h) = 10*h**2 - 562*h + 25. What are the prime factors of v(77)?
3, 5347
Suppose 1370*p - 1366*p = 124072. List the prime factors of p.
2, 13, 1193
Suppose -61 = -b - 56. Suppose 2*j + 4*c - 1710 = 0, 2784 = b*j - 2*c - 1455. List the prime factors of j.
3, 283
Suppose -59*i = 48*i - 4648800 + 72838. What are the prime factors of i?
2, 21383
Suppose 231*b - 227*b + 4*q - 35304 = 0, 2*b - 17667 = -5*q. List the prime factors of b.
8821
Suppose -h + 405521 = 1172*p - 1165*p, 0 = 4*p + 4*h - 231716. List the prime factors of p.
2, 7, 2069
Suppose 10 = 7*n + 241. Let q be 3339/(-33) - 6/n. Let v = q - -187. What are the prime factors of v?
2, 43
Let k(q) be the second derivative of -q**4/6 + 13*q**3/6 - 3*q**2 - 2*q. Let w be k(6). Suppose -4*y + 458 - 162 = w. List the prime factors of y.
2, 37
Let f be (-2)/(-3) - (-240)/45. Suppose -f*g + 4482 = 3*g. List the prime factors of g.
2, 3, 83
Suppose -4*w = -3*w + 5*g + 20, 0 = 4*g + 16. Suppose w = 5*d - 3504 - 181. List the prime factors of d.
11, 67
Suppose 0 = -0*h + 5*h + 4*j + 35, -5*h - 35 = -j. Let g(r) = -2*r**3 - 6*r**2 - 4*r - 9. Let t be g(h). Suppose t = 6*d - 3. What are the prime factors of d?
3, 23
Let z(n) = n**2 - 3*n + 2. Suppose -5*l = 4*t - 14, 6*l = 2*l - 2*t + 10. Let h be z(l). Suppose -12*o + 1167 + 405 = h. List the prime factors of o.
131
Let o = -128 + 145. Suppose -o*z - 35*z = -25844. What are the prime factors of z?
7, 71
Suppose 4*l - 5*v = 522, -131 = -l - 333*v + 334*v. What are the prime factors of l?
7, 19
Suppose 3*m - 1139*g - 39833 = -1137*g, -4*m - 5*g = -53172. What are the prime factors of m?
37, 359
Let b = 2328 + 24033. What are the prime factors of b?
3, 29, 101
Suppose -5*l + 157*p - 154*p + 10135 = 0, -l = 2*p - 2027. List the prime factors of l.
2027
Let i = 1885 - -187. List the prime factors of i.
2, 7, 37
Let q = -9597 - -15395. List the prime factors of q.
2, 13, 223
What are the prime factors of 68/(-1156) - (-245568)/51?
3, 5, 107
Suppose -4*h + 6 = 2. List the prime factors of (h/((-20)/(-65)) + 1)*56.
2, 7, 17
Let g(u) = 440*u**2 + u + 3. Let s be g(-1). List the prime factors of s - (2 + 4 + -3).
439
Suppose -22 - 23 = 15*j. Let n be (7 - 2)/(j*(-3)/9). Suppose -3*m + 564 = 4*i, 4*i + 0*i + n*m = 572. List the prime factors of i.
2, 3, 23
Let f(j) = j**2 - 12*j + 14. Suppose -4*k + 17 = -15. Let s be f(k). What are the prime factors of (s/15 + 2)/((-8)/(-740))?
2, 37
Let g = 779 - 772. Suppose -g*k + 8*k - 5*n = 926, -3*n = -9. List the prime factors of k.
941
Suppose -70*u + 75*u = -15. Let g(z) = -13*z**3 + 2*z**2 + 5*z + 19. What are the prime factors of g(u)?
373
Let t = 185 + -65. Suppose d = -2*n + t, 5*d - d = n + 444. Let k = d + -50. List the prime factors of k.
2, 31
Suppose -67*d = -69*d + 5*v + 10390, d - 2*v = 5195. List the prime factors of d.
5, 1039
What are the prime factors of 198/(-891) - 541950/(-27)?
2, 13, 193
List the prime factors of (-21)/84 - 480840/(-32).
2, 11, 683
Let o(l) = 93*l**2 - 34*l - 55. Let p(d) = -46*d**2 + 16*d + 27. Let g(m) = 3*o(m) + 5*p(m). What are the prime factors of g(-4)?
2, 421
Suppose -4*z + 2*j + 29658 = 0, -3*j + 6632 = 5*z - 30457. What are the prime factors of z?
2, 3, 103
Let d(z) be the second derivative of 3*z**5/5 + z**4 - 17*z**3/6 + 21*z. List the prime factors of d(4).
2, 223
Let y(p) = p**3 - 5*p**2 + 2*p. Let s be (2 + -1)/((-6)/(-30)). Let g be y(s). Suppose g*d - 7*d = 228. What are the prime factors of d?
2, 19
Suppose -r + 3*f + 7183 = -4542, 58606 = 5*r + 4*f. List the prime factors of r.
2, 5861
What are the prime factors of 469518/16 + 18/8*(-52)/(-936)?
5, 5869
Let g(u) = u**3 - 6*u**2 - 2. Let w be g(6). Let o be 54 - (2 - (w - -1)). Let c = o - -15. What are the prime factors of c?
2, 3, 11
Let z = 136 + -6. Let q = 178 + z. What are the prime factors of q?
2, 7, 11
Let c = -384 - -554. Let k(j) = 2*j**3 + 31*j**2 - 16*j + 6. Let u be k(-16). Suppose -s - c = -u*s. List the prime factors of s.
2, 17
Let v(l) = l**2 - 6*l + 62. Let f = 303 + -331. What are the prime factors of v(f)?
2, 3, 13
Suppose 5 = -4*c + 5*c. Let w(q) = q**2 + 2*q + 15. List the prime factors of w(c).
2, 5
List the prime factors of ((-25478936)/(-2842))/((-5)/7 + 1).
2, 29, 541
Let d(i) = -3*i**3 + 6*i - 6. Let g be d(4). Let u = g - -742. Suppose -37 - u = -5*k. What are the prime factors of k?
11
Let h(v) be the first derivative of 10*v**2 + 132*v + 16. List the prime factors of h(11).
2, 11
Let j(y) be the second derivative of -y**4/12 + 5*y**3 + 14*y**2 - 80*y. What are the prime factors of j(18)?
2, 61
Let g(p) = 464*p**2 + 135*p - 73. What are the prime factors of g(4)?
13, 607
Let z(n) = -n**2 + 46*n + 2910. Let o be z(0). Suppose 3*i - o = -4*j, 8*j - 7*j + 2910 = 3*i. List the prime factors of i.
2, 5, 97
Suppose 5*p + 26*h - 225665 = 27*h, -4*p = h - 180541. What are the prime factors of p?
2, 22567
Suppose 0 = 4*t + 7104 + 2956. Let f = -1670 - t. List the prime factors of f.
5, 13
Let j = -46 + 11. Let k be (-3700)/22 + -3 + j/(-11). Let b = -87 - k. What are the prime factors of b?
3
Let a = 8651 - 3539. Suppose -a - 2816 = -8*m. What are the prime factors of m?
991
Let t be 70/(-105)*18/4. Let w = 16 + t. List the prime factors of w.
13
Suppose 133812 = 149*b - 241668. What are the prime factors of b?
2, 3, 5, 7
Let o be (-1 - (-6)/4)*72/2. Let q be 2*(-6)/(o/213). List the prime factors of (q/3)/(2/(-6)).
2, 71
Let k = 317 - 205. What are the prime factors of 32/k + 4084/14?
2, 73
Suppose 0 = -27*x + 192 + 618. Suppose -21*j + x*j = 1260. List the prime factors of j.
2, 5, 7
Suppose 0 = -3*i + 4*q + 3352 + 7976, q = 2*i - 7547. List the prime factors of i.
2, 23, 41
Let m be 9 - (0/(-6) - -4). Suppose -5*o + 1082 = -p - 400, 5*p = -m*o + 1500. List the prime factors of o.
3, 11
Let o(f) = -14*f**2 - f - 1. Let i be o(-2). Let u = 38 + i. Let y = u - -39. List the prime factors of y.
2, 11
Suppose -z + 6720 = 4*m + 3*z, -4*m - 3*z = -6724. Suppose 11869 = 7*k + m. List the prime factors of k.
3, 5, 97
Let t(x) = -54 + 15*x**2 - 10 + 18 + 7*x**2 - 8*x. What are the prime factors of t(-4)?
2, 13
Suppose -3*k + 57*f = 56*f - 9120, -4*f = 3*k - 9105. What are the prime factors of k?
3, 1013
Let o = -25380 + 61899. List the prime factors of o.
3, 7, 37, 47
Let j(k) = -k - 2. Let m(a) = -112*a + 8. Suppose -5 = 3*b - 2*v + 4*v, 0 = -2*b - 4*v - 14. Let q(r) = b*m(r) + 3*j(r). What are the prime factors of q(-2)?
2, 29
Let z be 105/33 + 84/22 + -4. Let u(d) = -4 - 3*d**2 + 22*d**3 + 26*d**z - 38*d**3 + 3*d. What are the prime factors of u(2)?
2, 5, 7
Let s 